{"id":39,"date":"2013-07-01T11:07:22","date_gmt":"2013-07-01T09:07:22","guid":{"rendered":"http:\/\/www.kommunale-ordnung.de\/?page_id=39"},"modified":"2026-01-26T15:17:56","modified_gmt":"2026-01-26T13:17:56","slug":"home","status":"publish","type":"page","link":"https:\/\/www.kommunale-ordnung.de\/","title":{"rendered":"Startseite"},"content":{"rendered":"<p><strong>Zentrale S\u00e4ule der Sicherheitsarchitektur<\/strong><\/p>\n<p>Innere Sicherheit ist ein komplexes Thema. Stetig ver\u00e4ndernde Herausforderungen bedeuten sich st\u00e4ndig wandelnde und wachsende Aufgabenfelder im Netzwerk Sicherheit. Zentrum dieses Netzwerks ist die Ordnungsbeh\u00f6rde, in deren Verantwortung und Aufgabe die Abwehr von Gefahren f\u00fcr die \u00f6ffentliche Sicherheit liegt.<\/p>\n<p>Die staatlich \u00fcbertragene Pflichtaufgabe der Gefahrenabwehr auf die Kommune ist in Deutschland unterschiedlich organisiert. Die eigentliche, materielle Polizeiaufgabe der Gefahrenabwehr wurde auf die allgemeine Verwaltung und somit auf die Ordnungsbeh\u00f6rden \u00fcbertragen. Klassischerweise z\u00e4hlen dazu u.a. die sofortige St\u00f6rungsbeseitigung bei Unf\u00e4llen und Straftaten, die Erteilung von Platzverweisen, die \u00dcberpr\u00fcfung illegaler Besch\u00e4ftigung, die Bek\u00e4mpfung der verbotenen Prostitution oder auch die \u00dcberpr\u00fcfung von Demonstrationen.<\/p>\n<p>Angesichts der zunehmend gr\u00f6\u00dferen Anforderungen an die Innere Sicherheit und den gleichzeitigen Abzug der Polizei \u201caus der Fl\u00e4che\u201d hat sich der Au\u00dfendienst der Ordnungsbeh\u00f6rden in den letzten Jahren deutlich professionalisiert. Die Aufgaben und Befugnisse der Stadt- oder Kommunalpolizeien sind jedoch oftmals sehr unterschiedlich. In einigen St\u00e4dten und Gemeinden d\u00fcrfen sie sogar in den flie\u00dfenden Verkehr eingreifen, in anderen wiederum nur in den ruhenden. Auch die Ausr\u00fcstung der kommunalen Ordnungsh\u00fcter differiert stark. In aller Regel verf\u00fcgen die Mitarbeiter der jeweiligen Ordnungs\u00e4mter aber \u00fcber die Befugnisse eines Polizeivollzugsbeamten.<\/p>\n<p>Der Bundeskongress &#8222;Kommunale Ordnung&#8220; des Beh\u00f6rden Spiegel widmet sich als Informations- und Diskussionsplattform der kommunalen Gefahrenabwehr als zentraler S\u00e4ule der deutschen Sicherheitsarchitektur. Das Ordnungsamt ist im Gefahrenfall der direkte Ansprechpartner f\u00fcr den B\u00fcrger und auch pr\u00e4ventiv der Seismograf f\u00fcr die kommunale Sicherheit. Dieser Bundeskongress soll daher insbesondere B\u00fcrgermeister, Dezernenten, die Leiter von Ordnungs\u00e4mtern, kommunalen Ordnungsdiensten und Stadtpolizeien zusammen f\u00fchren und eine Plattform f\u00fcr den Erfahrungsaustausch bieten.<\/p>\n<p><span style=\"font-size: small;\"><strong>Besuchen Sie auch unsere Schwesterveranstaltung am 23. September 2026 \u2013 <a href=\"https:\/\/www.kommunale-verkehrssicherheit.de\" target=\"_blank\" rel=\"noopener\">Bundeskongress Kommunale Verkehrssicherheit<\/a>!<\/strong><\/span><\/p>\n<p>____________________________________________________________________<\/p>\n<p><strong>Veranstaltungsort:<\/strong><\/p>\n<p>Atrium Hotel Mainz<br \/>\nFlugplatzstr. 44<br \/>\n55126 Mainz<\/p>\n<p>&nbsp;<\/p>\n<p>&nbsp;<\/p>\n","protected":false},"excerpt":{"rendered":"<p>Zentrale S\u00e4ule der Sicherheitsarchitektur Innere Sicherheit ist ein komplexes Thema. Stetig ver\u00e4ndernde Herausforderungen bedeuten sich st\u00e4ndig wandelnde und wachsende Aufgabenfelder im Netzwerk Sicherheit. Zentrum dieses Netzwerks ist die Ordnungsbeh\u00f6rde, in deren Verantwortung und Aufgabe die Abwehr von Gefahren f\u00fcr die &hellip; <a href=\"https:\/\/www.kommunale-ordnung.de\/\">Weiterlesen <span class=\"meta-nav\">&rarr;<\/span><\/a><\/p>\n","protected":false},"author":1,"featured_media":0,"parent":0,"menu_order":0,"comment_status":"closed","ping_status":"closed","template":"sidebar-page.php","meta":{"footnotes":""},"class_list":["post-39","page","type-page","status-publish","hentry"],"yoast_head":"<!-- This site is optimized with the Yoast SEO plugin v26.4 - https:\/\/yoast.com\/wordpress\/plugins\/seo\/ -->\n<title>Startseite - Bundeskongress Kommunale Ordnung<\/title>\n<meta name=\"robots\" content=\"index, follow, max-snippet:-1, max-image-preview:large, max-video-preview:-1\" \/>\n<link rel=\"canonical\" href=\"https:\/\/www.kommunale-ordnung.de\/\" \/>\n<meta property=\"og:locale\" content=\"de_DE\" \/>\n<meta property=\"og:type\" content=\"article\" \/>\n<meta property=\"og:title\" content=\"Bundeskongress Kommunale Ordnung\" \/>\n<meta property=\"og:description\" content=\"Zentrale S\u00e4ule der Sicherheitsarchitektur Innere Sicherheit ist ein komplexes Thema. Stetig ver\u00e4ndernde Herausforderungen bedeuten sich st\u00e4ndig wandelnde und wachsende Aufgabenfelder im Netzwerk Sicherheit. Zentrum dieses Netzwerks ist die Ordnungsbeh\u00f6rde, in deren Verantwortung und Aufgabe die Abwehr von Gefahren f\u00fcr die &hellip; Weiterlesen &rarr;\" \/>\n<meta property=\"og:url\" content=\"https:\/\/www.kommunale-ordnung.de\/\" \/>\n<meta property=\"og:site_name\" content=\"Bundeskongress Kommunale Ordnung\" \/>\n<meta property=\"article:modified_time\" content=\"2026-01-26T13:17:56+00:00\" \/>\n<meta name=\"twitter:card\" content=\"summary_large_image\" \/>\n<meta name=\"twitter:title\" content=\"Bundeskongress Kommunale Ordnung\" \/>\n<meta name=\"twitter:label1\" content=\"Gesch\u00e4tzte Lesezeit\" \/>\n\t<meta name=\"twitter:data1\" content=\"2\u00a0Minuten\" \/>\n<script type=\"application\/ld+json\" class=\"yoast-schema-graph\">{\"@context\":\"https:\/\/schema.org\",\"@graph\":[{\"@type\":\"WebPage\",\"@id\":\"https:\/\/www.kommunale-ordnung.de\/\",\"url\":\"https:\/\/www.kommunale-ordnung.de\/\",\"name\":\"Startseite - Bundeskongress Kommunale Ordnung\",\"isPartOf\":{\"@id\":\"https:\/\/www.kommunale-ordnung.de\/#website\"},\"datePublished\":\"2013-07-01T09:07:22+00:00\",\"dateModified\":\"2026-01-26T13:17:56+00:00\",\"breadcrumb\":{\"@id\":\"https:\/\/www.kommunale-ordnung.de\/#breadcrumb\"},\"inLanguage\":\"de\",\"potentialAction\":[{\"@type\":\"ReadAction\",\"target\":[\"https:\/\/www.kommunale-ordnung.de\/\"]}]},{\"@type\":\"BreadcrumbList\",\"@id\":\"https:\/\/www.kommunale-ordnung.de\/#breadcrumb\",\"itemListElement\":[{\"@type\":\"ListItem\",\"position\":1,\"name\":\"Startseite\",\"item\":\"https:\/\/www.kommunale-ordnung.de\/\"},{\"@type\":\"ListItem\",\"position\":2,\"name\":\"Startseite\"}]},{\"@type\":\"WebSite\",\"@id\":\"https:\/\/www.kommunale-ordnung.de\/#website\",\"url\":\"https:\/\/www.kommunale-ordnung.de\/\",\"name\":\"Bundeskongress Kommunale Ordnung\",\"description\":\"\",\"potentialAction\":[{\"@type\":\"SearchAction\",\"target\":{\"@type\":\"EntryPoint\",\"urlTemplate\":\"https:\/\/www.kommunale-ordnung.de\/?s={search_term_string}\"},\"query-input\":{\"@type\":\"PropertyValueSpecification\",\"valueRequired\":true,\"valueName\":\"search_term_string\"}}],\"inLanguage\":\"de\"}]}<\/script>\n<!-- \/ Yoast SEO plugin. -->","yoast_head_json":{"title":"Startseite - Bundeskongress Kommunale Ordnung","robots":{"index":"index","follow":"follow","max-snippet":"max-snippet:-1","max-image-preview":"max-image-preview:large","max-video-preview":"max-video-preview:-1"},"canonical":"https:\/\/www.kommunale-ordnung.de\/","og_locale":"de_DE","og_type":"article","og_title":"Bundeskongress Kommunale Ordnung","og_description":"Zentrale S\u00e4ule der Sicherheitsarchitektur Innere Sicherheit ist ein komplexes Thema. Stetig ver\u00e4ndernde Herausforderungen bedeuten sich st\u00e4ndig wandelnde und wachsende Aufgabenfelder im Netzwerk Sicherheit. Zentrum dieses Netzwerks ist die Ordnungsbeh\u00f6rde, in deren Verantwortung und Aufgabe die Abwehr von Gefahren f\u00fcr die &hellip; Weiterlesen &rarr;","og_url":"https:\/\/www.kommunale-ordnung.de\/","og_site_name":"Bundeskongress Kommunale Ordnung","article_modified_time":"2026-01-26T13:17:56+00:00","twitter_card":"summary_large_image","twitter_title":"Bundeskongress Kommunale Ordnung","twitter_misc":{"Gesch\u00e4tzte Lesezeit":"2\u00a0Minuten"},"schema":{"@context":"https:\/\/schema.org","@graph":[{"@type":"WebPage","@id":"https:\/\/www.kommunale-ordnung.de\/","url":"https:\/\/www.kommunale-ordnung.de\/","name":"Startseite - Bundeskongress Kommunale Ordnung","isPartOf":{"@id":"https:\/\/www.kommunale-ordnung.de\/#website"},"datePublished":"2013-07-01T09:07:22+00:00","dateModified":"2026-01-26T13:17:56+00:00","breadcrumb":{"@id":"https:\/\/www.kommunale-ordnung.de\/#breadcrumb"},"inLanguage":"de","potentialAction":[{"@type":"ReadAction","target":["https:\/\/www.kommunale-ordnung.de\/"]}]},{"@type":"BreadcrumbList","@id":"https:\/\/www.kommunale-ordnung.de\/#breadcrumb","itemListElement":[{"@type":"ListItem","position":1,"name":"Startseite","item":"https:\/\/www.kommunale-ordnung.de\/"},{"@type":"ListItem","position":2,"name":"Startseite"}]},{"@type":"WebSite","@id":"https:\/\/www.kommunale-ordnung.de\/#website","url":"https:\/\/www.kommunale-ordnung.de\/","name":"Bundeskongress Kommunale Ordnung","description":"","potentialAction":[{"@type":"SearchAction","target":{"@type":"EntryPoint","urlTemplate":"https:\/\/www.kommunale-ordnung.de\/?s={search_term_string}"},"query-input":{"@type":"PropertyValueSpecification","valueRequired":true,"valueName":"search_term_string"}}],"inLanguage":"de"}]}},"_links":{"self":[{"href":"https:\/\/www.kommunale-ordnung.de\/index.php?rest_route=\/wp\/v2\/pages\/39","targetHints":{"allow":["GET"]}}],"collection":[{"href":"https:\/\/www.kommunale-ordnung.de\/index.php?rest_route=\/wp\/v2\/pages"}],"about":[{"href":"https:\/\/www.kommunale-ordnung.de\/index.php?rest_route=\/wp\/v2\/types\/page"}],"author":[{"embeddable":true,"href":"https:\/\/www.kommunale-ordnung.de\/index.php?rest_route=\/wp\/v2\/users\/1"}],"replies":[{"embeddable":true,"href":"https:\/\/www.kommunale-ordnung.de\/index.php?rest_route=%2Fwp%2Fv2%2Fcomments&post=39"}],"version-history":[{"count":131,"href":"https:\/\/www.kommunale-ordnung.de\/index.php?rest_route=\/wp\/v2\/pages\/39\/revisions"}],"predecessor-version":[{"id":1668,"href":"https:\/\/www.kommunale-ordnung.de\/index.php?rest_route=\/wp\/v2\/pages\/39\/revisions\/1668"}],"wp:attachment":[{"href":"https:\/\/www.kommunale-ordnung.de\/index.php?rest_route=%2Fwp%2Fv2%2Fmedia&parent=39"}],"curies":[{"name":"wp","href":"https:\/\/api.w.org\/{rel}","templated":true}]}}