{"id":17,"date":"2013-06-30T13:19:23","date_gmt":"2013-06-30T11:19:23","guid":{"rendered":"http:\/\/www.kommunale-ordnung.de\/?page_id=17"},"modified":"2025-01-29T17:01:43","modified_gmt":"2025-01-29T15:01:43","slug":"impressum","status":"publish","type":"page","link":"https:\/\/www.kommunale-ordnung.de\/?page_id=17","title":{"rendered":"Impressum \/ AGB"},"content":{"rendered":"<p><strong>Die Online-Inhalte werden bereitgestellt durch:<\/strong><\/p>\n<p>ProPress Verlagsgesellschaft m.b.H.,<br \/>\nFriedrich-Ebert-Allee 57,<br \/>\n53113 Bonn<br \/>\nTel.: +49 228 \u2013 970 97 0<br \/>\nE-Mail: <a href=\"mailto:verlag@behoerdenspiegel.de\">verlag@behoerdenspiegel.de<\/a><br \/>\nGesch\u00e4ftsf\u00fchrung: Dr. Fabian Rusch<br \/>\nRegisternummer: HRB 3815<br \/>\nRegistergericht: AG Bonn<br \/>\nUSt-IdNr.: DE 122275444<\/p>\n<p>Inhaltliche Verantwortlichkeit i.S.v. \u00a7 55 Abs. 2 RStV &amp; i.S.d.P.: Dr. Eva-Charlotte Proll, Friedrich-Ebert-Allee 57, 53113 Bonn<\/p>\n<p>Datenschutzbeauftragter: <a href=\"mailto:datenschutzbeauftragter@behoerdenspiegel.de\">datenschutzbeauftragter@behoerdenspiegel.de<\/a><\/p>\n<p><strong>Rechtliche Hinweise <\/strong><\/p>\n<p>Inhalte und Verf\u00fcgbarkeit des Onlineangebotes<\/p>\n<p>Die Inhalte dieser Website werden mit gr\u00f6\u00dftm\u00f6glicher Sorgfalt erstellt. Die ProPress Verlagsgesellschaft m.b.H. \u00fcbernimmt jedoch keine Gew\u00e4hr f\u00fcr die Richtigkeit, Vollst\u00e4ndigkeit und Aktualit\u00e4t der bereitgestellten Inhalte.<\/p>\n<p>Die ProPress Verlagsgesellschaft m.b.H. bem\u00fcht sich, den Dienst m\u00f6glichst unterbrechungsfrei zum Abruf anzubieten. Auch bei aller Sorgfalt k\u00f6nnen aber Ausfallzeiten nicht ausgeschlossen werden. Sie beh\u00e4lt sich das Recht vor, ihr Angebot jederzeit zu \u00e4ndern oder einzustellen. F\u00fcr durch nicht fehlerfrei angelegte Dateien oder nicht fehlerfrei strukturierte Formate bedingte Unterbrechungen oder anderweitige St\u00f6rungen k\u00f6nnen wir keine Gew\u00e4hr \u00fcbernehmen.<\/p>\n<p>Verweise und Links<\/p>\n<p>Die ProPress Verlagsgesellschaft m.b.H. ist als Inhaltsanbieter nach \u00a7 7 Abs. 1 Telemediengesetz f\u00fcr die \u201ceigenen Inhalte\u201d, die sie zur Nutzung bereith\u00e4lt, nach den allgemeinen Gesetzen verantwortlich. Von diesen eigenen Inhalten sind Querverweise (\u201cLinks\u201d) auf die von anderen Anbietern bereitgehaltenen Inhalte zu unterscheiden. Durch den Querverweis h\u00e4lt die ProPress Verlagsgesellschaft m.b.H. insofern \u201cfremde Inhalte\u201d zur Nutzung bereit, die in dieser Weise gekennzeichnet sind:<\/p>\n<p>Bei \u201cLinks\u201d handelt es sich stets um \u201clebende\u201d (dynamische) Verweisungen. Die ProPress Verlagsgesellschaft m.b.H. hat bei der erstmaligen Verkn\u00fcpfung zwar den fremden Inhalt daraufhin \u00fcberpr\u00fcft, ob durch ihn eine m\u00f6gliche zivilrechtliche oder strafrechtliche Verantwortlichkeit ausgel\u00f6st wird. Sie \u00fcberpr\u00fcft aber die Inhalte, auf die sie in ihrem Angebot verweist, nicht st\u00e4ndig auf Ver\u00e4nderungen, die eine Verantwortlichkeit neu begr\u00fcnden k\u00f6nnten. Wenn sie feststellt oder von anderen darauf hingewiesen wird, dass ein konkretes Angebot, zu dem sie einen Link bereitgestellt hat, eine zivil- oder strafrechtliche Verantwortlichkeit ausl\u00f6st, wird sie den Verweis auf dieses Angebot aufheben.<\/p>\n<p>Urheberrecht<\/p>\n<p>Die durch die ProPress Verlagsgesellschaft m.b.H. erstellten Inhalte und Werke auf diesen Seiten unterliegen dem deutschen Urheberrecht. Die Vervielf\u00e4ltigung, Bearbeitung, Verbreitung und jede Art der Verwertung au\u00dferhalb der Grenzen des Urheberrechtes bed\u00fcrfen der schriftlichen Zustimmung des jeweiligen Autors bzw. Erstellers. Downloads und Kopien dieser Seite sind nur f\u00fcr den privaten, nicht kommerziellen Gebrauch gestattet. Soweit die Inhalte auf dieser Seite nicht von der ProPress Verlagsgesellschaft m.b.H. erstellt wurden, werden die Urheberrechte Dritter beachtet. Insbesondere werden Inhalte Dritter als solche gekennzeichnet. Sollten Sie trotzdem auf eine Urheberrechtsverletzung aufmerksam werden, bitten wir um einen entsprechenden Hinweis. Bei Bekanntwerden von Rechtsverletzungen werden wir derartige Inhalte umgehend entfernen.<\/p>\n<p>Presseakkreditierung<\/p>\n<p>Aufgrund des zahlenm\u00e4\u00dfig begrenzten Pressekontingents werden die Pl\u00e4tze in der Reihenfolge des Eingangs der Anmeldungen vergeben. Sollte das Kontingent an freien Pl\u00e4tzen ausgesch\u00f6pft sein, ist eine Anmeldung als Pressevertreter\/in leider nicht mehr m\u00f6glich.<\/p>\n<p>\u00a9 ProPress Verlagsgesellschaft m.b.H.<\/p>\n<hr \/>\n<p><a name=\"agb\"><\/a><\/p>\n<p><strong>Allgemeine Gesch\u00e4ftsbedingungen der ProPress Verlagsgesellschaft mbH<\/strong><\/p>\n<p><a href=\"http:\/\/daten.behoerdenspiegel.eu\/agb_pp_teilnehmer.pdf\" target=\"_blank\" rel=\"noopener noreferrer\"><img loading=\"lazy\" decoding=\"async\" class=\"size-full wp-image-19 alignleft\" src=\"https:\/\/www.kommunale-ordnung.de\/wp-content\/uploads\/2025\/01\/adobe2.png\" alt=\"\" width=\"35\" height=\"35\" \/><\/a>Download der Allgemeinen Gesch\u00e4ftsbedingungen f\u00fcr Teilnehmer\/innen von Seminaren und Kongressen der ProPress Verlagsgesellschaft mbH<br \/>\n<span style=\"color: #ffffff;\">.<\/span><\/p>\n<p><a href=\"http:\/\/daten.behoerdenspiegel.eu\/widerruf_pp.pdf\" target=\"_blank\" rel=\"noopener noreferrer\"><img loading=\"lazy\" decoding=\"async\" class=\"size-full wp-image-19 alignleft\" src=\"https:\/\/www.kommunale-ordnung.de\/wp-content\/uploads\/2025\/01\/adobe2.png\" alt=\"\" width=\"35\" height=\"35\" \/><\/a>Download des Widerrufsformulars f\u00fcr Verbraucher<\/p>\n<p><span style=\"color: #ffffff;\">.<\/span><\/p>\n<p><a href=\"http:\/\/daten.behoerdenspiegel.eu\/agb_pp_aussteller.pdf\" target=\"_blank\" rel=\"noopener noreferrer\"><img loading=\"lazy\" decoding=\"async\" class=\"size-full wp-image-19 alignleft\" src=\"https:\/\/www.kommunale-ordnung.de\/wp-content\/uploads\/2025\/01\/adobe2.png\" alt=\"\" width=\"35\" height=\"35\" \/><\/a>Download der Allgemeinen Gesch\u00e4ftsbedingungen f\u00fcr Aussteller bei Kongressen,\u00a0 Messen und Veranstaltungen der ProPress Verlagsgesellschaft mbH<\/p>\n<p><a href=\"http:\/\/daten.behoerdenspiegel.eu\/agb_pp_anzeigen.pdf\" target=\"_blank\" rel=\"noopener noreferrer\"><img loading=\"lazy\" decoding=\"async\" class=\"size-full wp-image-19 alignleft\" src=\"https:\/\/www.kommunale-ordnung.de\/wp-content\/uploads\/2025\/01\/adobe2.png\" alt=\"\" width=\"35\" height=\"35\" vspace=\"15\" \/><\/a>Download der Allgemeinen Gesch\u00e4ftsbedingungen f\u00fcr Anzeigen, Beilagen, elektronische Anzeigen und Banner in den print und\/oder digitalen Publikationen der ProPress Verlagsgesellschaft mbH<\/p>\n<p><a href=\"http:\/\/daten.behoerdenspiegel.eu\/einwilligung_pp.pdf\" target=\"_blank\" rel=\"noopener noreferrer\"><img loading=\"lazy\" decoding=\"async\" class=\"size-full wp-image-19 alignleft\" src=\"https:\/\/www.kommunale-ordnung.de\/wp-content\/uploads\/2025\/01\/adobe2.png\" alt=\"\" width=\"35\" height=\"35\" \/><\/a>Download des Widerrufs der Einwilligung zur Verarbeitung meiner personenbezogenen Daten<br \/>\n<span style=\"color: #ffffff;\">.<\/span><\/p>\n<p><a href=\"http:\/\/daten.behoerdenspiegel.eu\/datenschutz_pp.pdf\" target=\"_blank\" rel=\"noopener noreferrer\"><img loading=\"lazy\" decoding=\"async\" class=\"size-full wp-image-19 alignleft\" src=\"https:\/\/www.kommunale-ordnung.de\/wp-content\/uploads\/2025\/01\/adobe2.png\" alt=\"\" width=\"35\" height=\"35\" \/><\/a>Datenschutzerkl\u00e4rung<\/p>\n<p><span style=\"color: #ffffff;\">.<\/span><\/p>\n<p>\u00a9 Pro-Press Verlagsgesellschaft mbH<\/p>\n<a href=\"#\" class=\"_brlbs-btn-cookie-preference borlabs-cookie-preference\">Cookie-Einstellungen<\/a>\n","protected":false},"excerpt":{"rendered":"<p>Die Online-Inhalte werden bereitgestellt durch: ProPress Verlagsgesellschaft m.b.H., Friedrich-Ebert-Allee 57, 53113 Bonn Tel.: +49 228 \u2013 970 97 0 E-Mail: verlag@behoerdenspiegel.de Gesch\u00e4ftsf\u00fchrung: Dr. Fabian Rusch Registernummer: HRB 3815 Registergericht: AG Bonn USt-IdNr.: DE 122275444 Inhaltliche Verantwortlichkeit i.S.v. \u00a7 55 Abs. &hellip; <a href=\"https:\/\/www.kommunale-ordnung.de\/?page_id=17\">Weiterlesen <span class=\"meta-nav\">&rarr;<\/span><\/a><\/p>\n","protected":false},"author":1,"featured_media":0,"parent":0,"menu_order":6,"comment_status":"closed","ping_status":"closed","template":"sidebar-page.php","meta":{"footnotes":""},"class_list":["post-17","page","type-page","status-publish","hentry"],"yoast_head":"<!-- This site is optimized with the Yoast SEO plugin v26.4 - https:\/\/yoast.com\/wordpress\/plugins\/seo\/ -->\n<title>Impressum \/ AGB - Bundeskongress Kommunale Ordnung<\/title>\n<meta name=\"robots\" content=\"index, follow, max-snippet:-1, max-image-preview:large, max-video-preview:-1\" \/>\n<link rel=\"canonical\" href=\"https:\/\/www.kommunale-ordnung.de\/?page_id=17\" \/>\n<meta property=\"og:locale\" content=\"de_DE\" \/>\n<meta property=\"og:type\" content=\"article\" \/>\n<meta property=\"og:title\" content=\"Impressum \/ AGB - Bundeskongress Kommunale Ordnung\" \/>\n<meta property=\"og:description\" content=\"Die Online-Inhalte werden bereitgestellt durch: ProPress Verlagsgesellschaft m.b.H., Friedrich-Ebert-Allee 57, 53113 Bonn Tel.: +49 228 \u2013 970 97 0 E-Mail: verlag@behoerdenspiegel.de Gesch\u00e4ftsf\u00fchrung: Dr. Fabian Rusch Registernummer: HRB 3815 Registergericht: AG Bonn USt-IdNr.: DE 122275444 Inhaltliche Verantwortlichkeit i.S.v. \u00a7 55 Abs. &hellip; Weiterlesen &rarr;\" \/>\n<meta property=\"og:url\" content=\"https:\/\/www.kommunale-ordnung.de\/?page_id=17\" \/>\n<meta property=\"og:site_name\" content=\"Bundeskongress Kommunale Ordnung\" \/>\n<meta property=\"article:modified_time\" content=\"2025-01-29T15:01:43+00:00\" \/>\n<meta name=\"twitter:card\" content=\"summary_large_image\" \/>\n<meta name=\"twitter:label1\" content=\"Gesch\u00e4tzte Lesezeit\" \/>\n\t<meta name=\"twitter:data1\" content=\"5\u00a0Minuten\" \/>\n<script type=\"application\/ld+json\" class=\"yoast-schema-graph\">{\"@context\":\"https:\/\/schema.org\",\"@graph\":[{\"@type\":\"WebPage\",\"@id\":\"https:\/\/www.kommunale-ordnung.de\/?page_id=17\",\"url\":\"https:\/\/www.kommunale-ordnung.de\/?page_id=17\",\"name\":\"Impressum \/ AGB - Bundeskongress Kommunale Ordnung\",\"isPartOf\":{\"@id\":\"https:\/\/www.kommunale-ordnung.de\/#website\"},\"primaryImageOfPage\":{\"@id\":\"https:\/\/www.kommunale-ordnung.de\/?page_id=17#primaryimage\"},\"image\":{\"@id\":\"https:\/\/www.kommunale-ordnung.de\/?page_id=17#primaryimage\"},\"thumbnailUrl\":\"https:\/\/www.kommunale-ordnung.de\/wp-content\/uploads\/2025\/01\/adobe2.png\",\"datePublished\":\"2013-06-30T11:19:23+00:00\",\"dateModified\":\"2025-01-29T15:01:43+00:00\",\"breadcrumb\":{\"@id\":\"https:\/\/www.kommunale-ordnung.de\/?page_id=17#breadcrumb\"},\"inLanguage\":\"de\",\"potentialAction\":[{\"@type\":\"ReadAction\",\"target\":[\"https:\/\/www.kommunale-ordnung.de\/?page_id=17\"]}]},{\"@type\":\"ImageObject\",\"inLanguage\":\"de\",\"@id\":\"https:\/\/www.kommunale-ordnung.de\/?page_id=17#primaryimage\",\"url\":\"\",\"contentUrl\":\"\"},{\"@type\":\"BreadcrumbList\",\"@id\":\"https:\/\/www.kommunale-ordnung.de\/?page_id=17#breadcrumb\",\"itemListElement\":[{\"@type\":\"ListItem\",\"position\":1,\"name\":\"Startseite\",\"item\":\"https:\/\/www.kommunale-ordnung.de\/\"},{\"@type\":\"ListItem\",\"position\":2,\"name\":\"Impressum \/ AGB\"}]},{\"@type\":\"WebSite\",\"@id\":\"https:\/\/www.kommunale-ordnung.de\/#website\",\"url\":\"https:\/\/www.kommunale-ordnung.de\/\",\"name\":\"Bundeskongress Kommunale Ordnung\",\"description\":\"\",\"potentialAction\":[{\"@type\":\"SearchAction\",\"target\":{\"@type\":\"EntryPoint\",\"urlTemplate\":\"https:\/\/www.kommunale-ordnung.de\/?s={search_term_string}\"},\"query-input\":{\"@type\":\"PropertyValueSpecification\",\"valueRequired\":true,\"valueName\":\"search_term_string\"}}],\"inLanguage\":\"de\"}]}<\/script>\n<!-- \/ Yoast SEO plugin. -->","yoast_head_json":{"title":"Impressum \/ AGB - Bundeskongress Kommunale Ordnung","robots":{"index":"index","follow":"follow","max-snippet":"max-snippet:-1","max-image-preview":"max-image-preview:large","max-video-preview":"max-video-preview:-1"},"canonical":"https:\/\/www.kommunale-ordnung.de\/?page_id=17","og_locale":"de_DE","og_type":"article","og_title":"Impressum \/ AGB - Bundeskongress Kommunale Ordnung","og_description":"Die Online-Inhalte werden bereitgestellt durch: ProPress Verlagsgesellschaft m.b.H., Friedrich-Ebert-Allee 57, 53113 Bonn Tel.: +49 228 \u2013 970 97 0 E-Mail: verlag@behoerdenspiegel.de Gesch\u00e4ftsf\u00fchrung: Dr. Fabian Rusch Registernummer: HRB 3815 Registergericht: AG Bonn USt-IdNr.: DE 122275444 Inhaltliche Verantwortlichkeit i.S.v. \u00a7 55 Abs. &hellip; Weiterlesen &rarr;","og_url":"https:\/\/www.kommunale-ordnung.de\/?page_id=17","og_site_name":"Bundeskongress Kommunale Ordnung","article_modified_time":"2025-01-29T15:01:43+00:00","twitter_card":"summary_large_image","twitter_misc":{"Gesch\u00e4tzte Lesezeit":"5\u00a0Minuten"},"schema":{"@context":"https:\/\/schema.org","@graph":[{"@type":"WebPage","@id":"https:\/\/www.kommunale-ordnung.de\/?page_id=17","url":"https:\/\/www.kommunale-ordnung.de\/?page_id=17","name":"Impressum \/ AGB - Bundeskongress Kommunale Ordnung","isPartOf":{"@id":"https:\/\/www.kommunale-ordnung.de\/#website"},"primaryImageOfPage":{"@id":"https:\/\/www.kommunale-ordnung.de\/?page_id=17#primaryimage"},"image":{"@id":"https:\/\/www.kommunale-ordnung.de\/?page_id=17#primaryimage"},"thumbnailUrl":"https:\/\/www.kommunale-ordnung.de\/wp-content\/uploads\/2025\/01\/adobe2.png","datePublished":"2013-06-30T11:19:23+00:00","dateModified":"2025-01-29T15:01:43+00:00","breadcrumb":{"@id":"https:\/\/www.kommunale-ordnung.de\/?page_id=17#breadcrumb"},"inLanguage":"de","potentialAction":[{"@type":"ReadAction","target":["https:\/\/www.kommunale-ordnung.de\/?page_id=17"]}]},{"@type":"ImageObject","inLanguage":"de","@id":"https:\/\/www.kommunale-ordnung.de\/?page_id=17#primaryimage","url":"","contentUrl":""},{"@type":"BreadcrumbList","@id":"https:\/\/www.kommunale-ordnung.de\/?page_id=17#breadcrumb","itemListElement":[{"@type":"ListItem","position":1,"name":"Startseite","item":"https:\/\/www.kommunale-ordnung.de\/"},{"@type":"ListItem","position":2,"name":"Impressum \/ AGB"}]},{"@type":"WebSite","@id":"https:\/\/www.kommunale-ordnung.de\/#website","url":"https:\/\/www.kommunale-ordnung.de\/","name":"Bundeskongress Kommunale Ordnung","description":"","potentialAction":[{"@type":"SearchAction","target":{"@type":"EntryPoint","urlTemplate":"https:\/\/www.kommunale-ordnung.de\/?s={search_term_string}"},"query-input":{"@type":"PropertyValueSpecification","valueRequired":true,"valueName":"search_term_string"}}],"inLanguage":"de"}]}},"_links":{"self":[{"href":"https:\/\/www.kommunale-ordnung.de\/index.php?rest_route=\/wp\/v2\/pages\/17","targetHints":{"allow":["GET"]}}],"collection":[{"href":"https:\/\/www.kommunale-ordnung.de\/index.php?rest_route=\/wp\/v2\/pages"}],"about":[{"href":"https:\/\/www.kommunale-ordnung.de\/index.php?rest_route=\/wp\/v2\/types\/page"}],"author":[{"embeddable":true,"href":"https:\/\/www.kommunale-ordnung.de\/index.php?rest_route=\/wp\/v2\/users\/1"}],"replies":[{"embeddable":true,"href":"https:\/\/www.kommunale-ordnung.de\/index.php?rest_route=%2Fwp%2Fv2%2Fcomments&post=17"}],"version-history":[{"count":33,"href":"https:\/\/www.kommunale-ordnung.de\/index.php?rest_route=\/wp\/v2\/pages\/17\/revisions"}],"predecessor-version":[{"id":1593,"href":"https:\/\/www.kommunale-ordnung.de\/index.php?rest_route=\/wp\/v2\/pages\/17\/revisions\/1593"}],"wp:attachment":[{"href":"https:\/\/www.kommunale-ordnung.de\/index.php?rest_route=%2Fwp%2Fv2%2Fmedia&parent=17"}],"curies":[{"name":"wp","href":"https:\/\/api.w.org\/{rel}","templated":true}]}}